?
19
Suppose 3*w + 3*a + 6 = -3, 0 = w + 2*a + 3. Let n(v) = 3*v**2 - 8*v + 44. Let o(z) = 4*z**2 - 9*z + 52. Let m(y) = 6*n(y) - 5*o(y). Give m(w).
-5
Let j(t) be the second derivative of -t**4/12 - 11*t**3/6 + 3*t**2/2 + 5*t + 2. Determine j(-12).
-9
Let i(k) = k**2 - 5*k - 13. Suppose -4*z + 20 = -4*a, -4*z + 8*a - 3*a + 17 = 0. Determine i(z).
11
Let r(o) be the third derivative of 26*o**2 + 0 - 1/3*o**4 + 0*o - 1/6*o**3. Let t(q) = q**2 - 10*q + 7. Let i be t(9). Determine r(i).
15
Let s(h) = -h**3 - 14*h**2 + 17*h + 18. Let r(a) = -15*a + 150. Let v be r(11). Calculate s(v).
-12
Let h(s) = -4*s + 3. Suppose 2 = b, 0 = o + 3*o + 2*b - 12. Suppose -3*x = 2*c - 19, 0 = 3*c - o*x - 1 + 5. Determine h(c).
-5
Suppose a - 12 = 13. Let v = -24 + a. Let i(h) = 15*h. What is i(v)?
15
Let c(d) be the second derivative of d**5/20 - d**4/3 + d**3/2 - 42*d - 1. Give c(2).
-2
Suppose -o - o = 5*o. Suppose -42 = -o*d - 6*d. Let i(p) = 2*p + 3. Calculate i(d).
17
Let o(q) = 9*q + 7. Let t(a) = 19*a + 15. Let j(k) = -13*o(k) + 6*t(k). Suppose 12 = -12*v + 8*v. What is j(v)?
8
Let n(k) be the first derivative of k**2/2 + k + 46. Let d be (-1)/(4/(-24)*2). Suppose 2*m - m - 9 = 4*o, -3*m = d*o - 12. Give n(o).
0
Let m(b) = -5*b**2 - 17*b - 5. Let j(r) = -4*r**2 - 13*r - 3. Let d(p) = -6*j(p) + 5*m(p). What is d(-9)?
-25
Suppose -2*k - 4*k = -54. Let v(l) = -13*l**3 - 3*l**2 - 11*l - 5. Let j(g) = -6*g**3 - g**2 - 5*g - 2. Let x(m) = k*j(m) - 4*v(m). Determine x(2).
-4
Let p(o) = o - 1. Let b(j) = 6*j - 1. Let r(q) = -b(q) + 4*p(q). Let k be r(-2). Let a(s) = -s + 3*s - k - 5*s. What is a(-1)?
2
Let k(y) = -5*y**2. Let m be 32/(0 - -4)*(-18)/12. Let w be 15/m - (-2 + -1)/12. Give k(w).
-5
Let n(u) = -3*u**2 + 1. Suppose 2*k - 3*a = 3*k - 11, 5*a - 16 = -4*k. Calculate n(k).
-2
Let v(s) = 79 + s + 88 + s**2 - 171. Suppose 5*f + 3*i - i + 15 = 0, f = -3*i - 3. Calculate v(f).
2
Let v(i) be the second derivative of i**3/6 + 5*i**2/2 + 26*i - 2. Suppose 2*z = 0, 5*b - z = z - 35. Calculate v(b).
-2
Let f(q) = 2*q - 4. Let v = 81 - 77. Give f(v).
4
Let v(t) = 2*t + 1. Let b(i) = -6*i - 4. Let w(x) = -2*b(x) - 7*v(x). What is w(-4)?
9
Let r(a) be the third derivative of -a**4/24 + a**3/2 - 9*a**2 - 3*a. What is r(5)?
-2
Let l(h) be the second derivative of -9/2*h**2 + 3/2*h**3 + 0 - 1/12*h**4 + 3*h. What is l(8)?
-1
Let h(t) = 2*t + 1 - 3 - 2 - 2. Let v be h(5). Let k be v + (0 - (5 + -3)). Let d(q) = q. What is d(k)?
2
Let r(y) = 2*y + 19. Let g(d) = -d - 9. Let h(i) = -7*g(i) - 4*r(i). Let x be (0 - 0)/(2/(-1)) - (12 + -6). Determine h(x).
-7
Let u(n) = -7*n**3 - 12*n**2 + 25*n + 20. Let a(q) = -11*q**3 - 18*q**2 + 38*q + 30. Let z(h) = 5*a(h) - 8*u(h). Calculate z(-7).
11
Let n(f) be the third derivative of -5/6*f**3 + 0 - 1/120*f**5 - f**2 + 0*f + 0*f**4. Let j(v) be the first derivative of n(v). Calculate j(-6).
6
Let l(g) be the first derivative of 17 + 0*g - 1/3*g**3 - 7/2*g**2. What is l(-5)?
10
Let s(k) = k - 2. Let g be s(0). Let c(q) be the first derivative of 3 + 1/3*q**3 - 3*q - 3/2*q**2. Calculate c(g).
7
Let o(a) be the second derivative of -a**5/20 - a**4/4 + a**3/6 + 2*a**2 + a. Let z be o(-3). Suppose -3*y - z = -10. Let v(g) = g**2 - 6*g + 4. Calculate v(y).
-5
Let o(b) = -10*b + 3*b + 2*b - 7 + 3*b + 5*b. Calculate o(4).
5
Let d(q) be the second derivative of -q**5/20 - q**4/12 - 98*q. Determine d(0).
0
Let t(z) = z + 4. Let y be ((-10)/25)/(4/(-70)). Suppose y*r - 11*r = 0. Suppose 5*h - 5*o - 15 = r, -o + 5 = 5*h - 4*o. Determine t(h).
2
Let a(f) = 2*f**2 + 8*f - 6. Let d(q) = -3*q + 1. Let z(h) = 7*h - 2. Let k(l) = 5*d(l) + 2*z(l). Let o(s) = -a(s) - 6*k(s). What is o(-2)?
-4
Let p(y) = 2*y - 15. Let n be ((-148)/6)/(-2) - 6/18. What is p(n)?
9
Let i(u) = 16 - 9*u + u**3 - 32 - 13*u**2 - 3*u. Calculate i(14).
12
Let c(v) be the second derivative of 0 + 3*v - 1/12*v**4 + 2*v**2 - 1/2*v**3. Let j be c(-3). Let t(y) = -y**3 + 3*y**2 + 3*y - 1. What is t(j)?
-5
Let u(f) = -8*f - 155. Let h be u(-19). Let p(w) = -2*w**2 - 2*w - 1. Calculate p(h).
-13
Let z(x) = -6 + 1860*x - 941*x + x**2 - 930*x. Calculate z(10).
-16
Let i(a) = 4*a + 1 + 0*a - 2*a. Suppose -15 = -11*y + 18. Suppose 0 = -3*b - y*j, 4*b - 2 = -2*j - 0. Give i(b).
3
Let o(t) = -23*t**2 + 2*t - 2. Let m = -1566 - -1567. Determine o(m).
-23
Suppose -26*p - 16 - 62 = 0. Let r(u) = u**3 + 2*u**2 - 2*u - 1. What is r(p)?
-4
Let s(n) be the first derivative of -n**4/4 + 4*n**3/3 + n**2 + 5*n + 607. What is s(4)?
13
Let p be (-2 + (-27)/(-6))*(-18)/(-15). Let n(w) be the third derivative of -w**2 + 0 + 0*w + 1/60*w**5 + 1/6*w**p + 5/24*w**4. Determine n(-6).
7
Let d be (-13)/(-3) + (-10)/(-15). Let z(y) = 8*y**3 - y**2 + 2*y - 1. Let g be z(1). Let m = d - g. Let u(f) = f**2 + 3*f - 2. What is u(m)?
-2
Let k(h) = 5*h - 32. Let s(r) be the third derivative of r**4/12 - 11*r**3/6 + 9*r**2. Let c(x) = -3*k(x) + 8*s(x). Let v be (-12)/9*18/4. Determine c(v).
2
Let b(s) = -s - 2. Suppose 3*n + 15 = 12. Let m(y) = 6*y + 2. Let p be m(n). Give b(p).
2
Let p(f) = -f**2 - 9*f - 3. Let o(a) = -a**3 + 20*a**2 - 8. Suppose -5*n - 70 = -4*x, 7*x = 2*x + 4*n + 92. Let k be o(x). Give p(k).
5
Suppose 4*o = 5*b + 9*o - 20, 0 = o. Let q(v) = v**2 - 2. What is q(b)?
14
Let f(w) = -3*w**2 + 26*w + 11. Let a(j) = j**2 - 9*j - 4. Let d = 66 - 55. Let k(i) = d*a(i) + 4*f(i). Calculate k(4).
4
Let f be (-595)/(-55) - 10/(-55). Let q(j) = -j**3 + 9*j**2 + 22*j. Determine q(f).
0
Let y be 5*34*(-2)/(-10). Let j = y + -13. Let d(b) = 5 - 1 - 19*b + j*b. Give d(4).
12
Let r(l) be the second derivative of -l**7/2520 - l**6/180 + l**5/60 - 11*l**4/12 + 8*l. Let m(s) be the third derivative of r(s). What is m(-5)?
-3
Let k be (-1)/(-4) + 34/(-8). Suppose 7*v - 3 = 4*v. Let h(m) = v - 10*m**2 + 11*m**2 + 3 - m + 5*m. Determine h(k).
4
Let l(s) = -2*s**3 - 12*s**2 - 10*s + 9. Let j(n) = n**3 + 6*n**2 + 5*n - 4. Let o(q) = 9*j(q) + 4*l(q). Suppose -35 = 64*p - 57*p. Give o(p).
0
Let j(g) = g**3 + 4*g**2 - 2*g - 3. Let v be j(2). Suppose -m - b = v - 4, -3*m - 34 = 2*b. Let c(u) = -u - 5. Give c(m).
3
Let p(s) = s**2 + 6*s + 6. Let j be ((-385)/(-11))/(0 - 1). Let f be ((-42)/j)/(2/5). Let o(x) = -x**3 + x**2 + 3*x + 4. Let d be o(f). Determine p(d).
1
Let k(p) = -p**3 + 7*p**2 - 3. Let l(v) = -4*v**3 + 29*v**2 - 2*v - 13. Let f(i) = 9*k(i) - 2*l(i). Give f(5).
19
Let t(c) = -6*c - 7. Let z(o) = -9*o - 15. Let x(r) = 5*t(r) - 3*z(r). What is x(4)?
-2
Suppose 2*n + 41 = 11. Let x = -13 - n. Let a(b) = 4*b**2. Calculate a(x).
16
Let a be 30/36 + (-1)/(-6). Let o(v) = 8*v**3 - 3*v**2 + v + 1. Give o(a).
7
Let i(b) = -6*b**2 - 1802*b + 908*b + 895*b. Let x = 2 + -1. What is i(x)?
-5
Let d(b) = b**3 - 8*b**2. Let l be (2 + -1)*(-16 + 24). Give d(l).
0
Let s(v) = 9*v - 281. Let k(l) = -l + 33. Let a(h) = -51*k(h) - 6*s(h). Let x(b) = -b. Let o be x(3). Determine a(o).
12
Let y(o) = 5*o**2 - o. Suppose 3*n - 45*n - 84 = 0. Give y(n).
22
Let u(o) be the first derivative of -o**6/360 + 3*o**5/40 - 3*o**4/8 + 14*o**3/3 + 4. Let i(s) be the third derivative of u(s). Give i(7).
5
Let p(y) = -6 - 12*y**2 + 26*y - 33*y + 13*y**2. What is p(8)?
2
Let q(t) be the third derivative of t**6/360 - t**5/15 + 3*t**4/8 - t**3 - 31*t**2. Let r(d) be the first derivative of q(d). What is r(6)?
-3
Suppose -105*y - 70 = -115*y. Let i(z) = -z**3 + 8*z**2 - 2*z - 2. Determine i(y).
33
Let h(a) = a**3 - 9*a**2 + 5*a + 18. Let w be h(8). Let k(s) = s**2 + 7*s + 8. Calculate k(w).
2
Let p(k) = k**3 - 7*k**2 + 3*k - 5. Suppose 3*o = -2*d - 3*d + 37, -5*d - 4*o + 41 = 0. Calculate p(d).
-40
Let o be 276/28 + 2 - (-2)/14. Let q(z) = -2*z**2 + z**2 - 7*z + z**2 - z**2 + o. Give q(-9).
-6
Let c(m) be the first derivative of m**3/3 + m**2/2 - m - 2. Let s(q) = -5*q + 14. Let x be s(19). Let t be ((-3)/2 - 0)/(x/108). Determine c(t).
5
Let k(w) be the second derivative of w**4/12 - w**3/6 + w**2/2 + 637*w. Determine k(2).
3
Let o(i) = -3*i + 29. Suppose -8*f - 288 = -32*f. Give o(f).
-7
Let b(h) = -h**2 - 1. Let i be b(-2). Let k(l) be the second derivative of -10*l - 1/2*l**2 + l**3 + 1/12*l**4 + 0. Calculate k(i).
-6
Suppose -52 + 7 = 4*c - 5*x, x = 5. Let z(q) = q**2 + 2*q - 11. Give z(c).
4
Let n(o) = 6 - o**2 + 13*o - 3 - 14*o. Suppose -3*x - i = -4,